s the value of 28 - (63 + -46) - -2?
13
What is the value of 11 + -1 + (210 - 62) + -87?
71
What is -11 - (-5 - (-12 - -31 - 9) - 1) - 65?
-60
Calculate 42 + 7 + 1338 + -1408.
-21
What is the value of (-8 - -5 - -16) + 24 + -12?
25
7 - (1 + -7 + (-8 - -18)) - -11
14
What is the value of 32 + (14 - 15) + (20 - 24)?
27
What is 6 - ((-388 - -399) + (1 - 2) + -23 + 1)?
18
194 - (-93 + 178 + 18)
91
Evaluate 904 - 851 - (4 + 44).
5
Evaluate -179 + (113 - (-15 - -28)).
-79
Evaluate (1 - -41) + 13 + (-22 - (30 + -47)).
50
What is -2 - -49 - (73 - 57) - 10?
21
What is the value of -29 - ((-18 - 79) + 14) - (6 + 0)?
48
(1 - 0 - 2 - -18) + 402 + -382
37
Calculate 30 + -22 + 14 + 43.
65
What is the value of (-43 - -14) + (-29 + 19 - -8) + 8 + 1?
-22
What is (-12 - -33) + -35 + (-1 - -2) - 8?
-21
What is -1 + 43 + 43 + -80 - 37?
-32
-2 + 2 + -1 - ((38 - (-50 - -40)) + 22)
-71
What is the value of (-1 - -23) + (18 - (-34 + -3 + 56))?
21
Calculate 40 + 11 + -53 - -56.
54
What is the value of (1 - 0 - -16 - 1) + (-135 - -138)?
19
Calculate -4 - (3 - (-15 - (-11 - -1)) - -1).
-13
Calculate -38 + -53 + 14 + 49.
-28
What is -41 - ((-10 - -13 - -15) + -12) - -2?
-45
Calculate (43 - -70 - 84) + (-4 - -33).
58
(-10 + (48 - 51) - (-12 - 1 - -1)) + 93
92
Evaluate -40 - (64 - 123 - 22).
41
What is (-296 - -286) + 13 + -4?
-1
What is the value of 4 - (-5 + 21) - (-12 - 79)?
79
-18 - 21 - -11 - (12 - -1)
-41
What is the value of 1 - (-2 + -1 + -4 + 28 + -11)?
-9
-129 - (21 - 18 - (-75 + 62 + 27 + 0))
-118
What is the value of 22 - ((4 - 1 - 36) + 4)?
51
195 + (76 - 200) - (1 - -2)
68
Calculate 2 + 2 + -5 + -44 + 28.
-17
Evaluate (-106 - -189) + 15 + 37.
135
Calculate ((-74 - -4) + 32 - -29) + (3 - (-84 - 3)).
81
What is the value of (-18 - (7 + -20)) + ((-13 - -3) + -2 - -17)?
0
Calculate -24 + 30 + 0 + 2 + 0 - -19.
27
Calculate -39 + (1 - 75 - (-498 + 460)).
-75
What is 100 + 21 - (-1 - (-16 + -2 + 6 - 0))?
110
What is 59 - (33 + -16) - -1 - (11 - 29)?
61
Calculate 7 - (28 + -119 + 50).
48
Evaluate 31 + -9 + 27 + -32 - -14.
31
Calculate -4 + ((18 - -23) + -49 - (16 - 1)).
-27
Evaluate (30 + 78 - 122) + (-16 + -1 - 1).
-32
Calculate 20 + 21 + (-451 - -471 - (1 - 2)).
62
Calculate 38 - (-28 + (73 - 38)).
31
(-4 + 100 - (-59 - -69) - 3) + 1
84
Evaluate (-5 + (-6 - -8) - 2) + (-18 - (13 - 12)).
-24
Evaluate 2999 + -3059 - (-32 + 0).
-28
-42 - ((22 - -46) + -30 + -31)
-49
Evaluate -38 + -8 + 33 + -35 + 6.
-42
Evaluate -11 + (2 - ((16 - 14) + -62 + -14)).
65
Calculate -6 - (-9 + (-3 - 30) + 1).
35
Calculate -12 + 13 - (109 + -155).
47
Evaluate -140 + (-18 + -8 - -83).
-83
What is the value of -5 + 128 + 16 + -6 + -29?
104
(4 + -8 - 10) + 2 + -2 + (-1 - 0)
-15
Calculate 49 - (-28 + 69) - (-26 + 1).
33
Calculate (-8 - -9) + (-16 - -20) + 17.
22
Evaluate -6 + 147 - (-209 + 93 - -114).
143
What is the value of (3 - (5 - -1)) + 45 + (5 - (28 + -13))?
32
What is 6 + (2 - 3) - (205 - 200)?
0
180 + -156 + -57 + 0 - (1 + 8)
-42
What is the value of -4 + -28 + 19 + -20 + -7?
-40
Calculate -9 - 25 - (41 + -78).
3
(1 - -2 - -1) + (-86 + 84 - (1 + 2))
-1
Evaluate (-3303 - -3351) + -3 + 0.
45
-3 + -5 + 1 + 0 - (75 + -83)
1
Evaluate 2 + 5 + -138 + 110.
-21
What is the value of (-1 - (14 - 82)) + -4 + -8?
55
-10 + 15 - ((-13 - -2) + -2 + (5 - 7))
20
Evaluate 0 - -41 - (295 - 300 - (0 - 10)).
36
(-10 - (6 - -20) - -179) + -39
104
Evaluate (0 - 17) + 10 - (6 + 0) - -57.
44
What is -86 - -8 - (120 + -142)?
-56
-11 - (6 + -6 - 7 - (-44 - -71))
23
Calculate 46 - 119 - ((-28 - 8) + 16).
-53
67 + 132 + -244 - -31
-14
Evaluate (11 - -6 - 15 - -1) + -36 + -5.
-38
Calculate -9 + 16 + 0 + 10 - (0 + -5 + 2).
20
Evaluate 9 - ((-12 - -24) + -15 + -1) - (2 + 130).
-119
-6 + 13 + (-35 - -42 - (0 + 23))
-9
Evaluate 25 + 1 + -1917 + 1929.
38
What is the value of 20 + -116 - ((-12 - (-7 - -11)) + 12 + -11)?
-81
What is the value of (-3 - 7) + -3 + 4 + -63 + (-134 - -146)?
-60
What is 3 - (-6 + 18 + -45 + -22 + 8 + -2)?
52
What is 55 + 11 - (5 + 5 + 5 - 15)?
66
5 - (-451 + 443 - (1 - 2 - 118)) - 8
-114
What is the value of -13 - (-167 - (-52 - 34))?
68
Evaluate (-17 + 67 - 60) + -29.
-39
What is the value of (-53 - -65) + (2 + 1 - 11) + -50?
-46
Calculate 2 - -75 - (311 + -281).
47
(-4 - -3) + 0 + 6 - (-13 - (1 - 20))
-1
Evaluate 4782 + -4784 - (-45 + -1).
44
What is the value of 31 + 15 + 9 + -10?
45
What is 2 + 1 + -2 + 2 + (298 - 211)?
90
Evaluate -77 + 95 + (1 - 14).
5
-14 - (9 + (-14 - -33) + 4)
-46
What is 2165 + -2245 + 0 + 28?
-52
((28 - 29) + 3 + -4 + 5 - -34) + -6
31
What is the value of -9 - (-142 + 219 + -85 + (13 - 0))?
-14
What is (-6055 - -6020) + 51 + 0?
16
(-3 - (-15 - -19 - -7)) + 13
-1
Evaluate -52 + 3 + (26 - (14 - (2 + 0)) - 5).
-40
62 + (35 + 20 - 134)
-17
What is 2 + -1 + 4 + 28 + 59 + -57 + 3?
38
Evaluate (-15 - (-4 + 2) - (8 + -19 - -6)) + -76.
-84
96 - (3 + 72) - (-1 - 1)
23
What is the value of (16 + -16 - -4 - (-8 + (3 - -3))) + -85?
-79
Evaluate 89 - (-45 + 7 + 35 + -41).
133
Calculate -20 + (-1 - (-27 + 8)).
-2
What is the value of 1 + -1 + 11 + (-50 - -24) + -44 + -1?
-60
0 + (-9 - -14) + 5 + 5 + 1 + 41
57
Calculate 61 + -42 + 6 + -13 + -2 + 34 + -2.
42
Calculate (52 - (-4 + 5)) + 14 + (-11 - -27 - 22).
59
Evaluate -40 - -43 - (3 - 8 - -6).
2
What is the value of -7 + 127 + -178 + 126?
68
What is 65 + -17 + (-16 - -13) + 18 + 2?
65
What is the value of -11 + (-49 - -70) + -16?
-6
-18 - -1 - (-117 + (3 - (-29 - -3)))
71
What is the value of 20 + -110 + (55 - -46)?
11
What is (-8 - (10 - -19) - -132) + -38?
57
What is -11 + (-4 - (1 - (11 + -10 + 6)))?
-9
What is the value of -480 + 511 + -1 + 12 + -35?
7
What is (-78 - (46 - 24 - 13)) + 26?
-61
What is 27 + 11 - (-14 - 12 - -36)?
28
What is 1 + -28 + -94 + 144 + -14?
9
Calculate -140 + 136 - 85 - (2 - 25).
-66
Calculate -20 - (9 + (23 - 9) + -32).
-11
What is 54 - (16 + (23 - (20 + 6)))?
41
30 + (-18 - (34 + -63)) + 31
72
55 - ((-6 - (-20 + 30)) + (-4 - -14))
61
What is -135 + 124 - (9 - (-9 - -69))?
40
What is the value of (-6 - 9 - -6) + (259 + -159 - (9 + -2))?
84
What is 165 + -324 + 163 + 1 + -2 + 0 + 2?
5
-25 + (37 - (24 - 8) - 28)
-32
17 + (-3 - -13) + (3 - 7 - -8) + -8
23
What is 47 + -112 + 157 + (32 - 1)?
123
26 - 15 - (-8 - -65 - (-5 - (-6 - -6)))
-51
-64 + (84 - (-157 - -242))
-65
What is 74 - 30 - 17 - (25 - -115)?
-113
What is -16 + -13 + (-7 - -21) + -22?
-37
2 + 3 + -13 + 9 + (-165 - -68)
-96
Calculate -4 - (-59 - 54) - 69.
40
What is (-19 - (-26 - (-14 + 17))) + 16?
26
What is the value of 109 + -47 - -23 - (5 - 8)?
88
Calculate -1738 + 1704 - (-1 + -4).
-29
Evaluate 2 + (-12 - (-9 + 6)) - (102 - 85).
-24
0 + 2 + ((14 - 3) + -24 - 41)
-52
What is 20 + (-9 - -2 - -31) + -15?
29
What is the value of -1 - 6 - ((-49 - -17) + -21 - (-12 - 1))?
33
Calculate 2 + (1 - (25 + 20 + -34)).
-8
16 + (9 + 0 - (46 - 30)) + 9
18
Evaluate 23 + 163 + (121 - 192).
115
What is 11 - (-4 - 3 - (37 - 45)) - (7 - 5)?
8
What is -4 - (-1 + 0 + -3) - -1 - (-182 - -134)?
49
What is the value of 20 - 76 - (-8 + -23) - -41?
16
What is 3 + -3 + 6 + -3 - (-106 - -103)?
6
Evaluate 59 + -3 + (2 - -2 - (-249 - -268)).
41
Evaluate 22 + -10 + -6 + 151 + -130.
27
What is (0 + -66 - (405 + -424)) + -2 + -13 + 3?
-59
-11 + -14 + -25 + 100 + 15 + -17
48
Evaluate 8 - ((-42 - (-37 - -51)) + -5 + -2).
71
Evaluate 42 + -2 + -347 + 407.
100
What is the value of (4 - (-9 + -10 + 5)) + 36?
54
What is the value of (-5 - ((-15 + 48 - 6) + -14)) + 6?
-12
What is the value of 2680 + -2673 - (-13 + 0)?
20
-5 + 55 + (2 - (6 - 5) - 15)
36
What is 3 + (0 - (11 + -2 + -4)) - (75 + -37)?
-40
6 + (21 - (25 - 15) - 26)
-9
-4 - -3 - -88 - ((3 - -41) + -45)
88
51 - (28 - 31 - (-12 + 32))
74
Calculate -122 - (4 - (-54 + 132)).
-48
-94 - (-82 + 22 - -39)
-73
What is the value of (117 - (4 - (-2 - 3) - (46 - 32))) + 7?
129
(26 + -17 - (-7 - (-3 - 5))) + 32 + 1
41
50 + -78 + (-86 - -37)
-77
Calculate 2 - (3 - ((-5 - 3) + 0 + 1)).
-8
Evaluate 53 - -12 - ((-1 - 2) + (-45 - -22 - -32)).
59
What is 68 + -59 + -9 + -16?
-16
Calculate 16 - 0 - (88 + -29 - 41) - (-1 - 107).
106
(-8 - (19 + -17 + (-11 - 3))) + 27 + 8
39
Evaluate 23 + -24 + -10 - 13 - -67.
43
(-12 - ((15 - 19) + (1 - 8))) + -7 + 60
52
Evaluate 44 - (-58 + 25 + 14 + -24).
87
Calculate -30 + -25 + 38 + -42.
-59
Evaluat